{"id":6447,"date":"2019-07-01T14:09:46","date_gmt":"2019-07-01T12:09:46","guid":{"rendered":"https:\/\/conzelmann-bisingen.com\/august-conzelmann-gmbh-2\/"},"modified":"2021-10-20T14:44:01","modified_gmt":"2021-10-20T12:44:01","slug":"entreprise","status":"publish","type":"page","link":"https:\/\/conzelmann-bisingen.com\/fr\/entreprise\/","title":{"rendered":"Entreprise"},"content":{"rendered":"<div class=\"wpb-content-wrapper\"><p>[vc_row row_type=\u00a0\u00bbrow\u00a0\u00bb content_width=\u00a0\u00bbfull-width\u00a0\u00bb anchor=\u00a0\u00bb\u00a0\u00bb content_aligment=\u00a0\u00bbcenter\u00a0\u00bb css_animation=\u00a0\u00bb\u00a0\u00bb][vc_column width=\u00a0\u00bb1\/6&Prime;][\/vc_column][vc_column width=\u00a0\u00bb2\/3&Prime;][vc_empty_space height=\u00a0\u00bb22&Prime;]<div class=\"eltd-section-title-outer-holder \" style=\"text-align: center\">\n\t<div class=\"eltd-section-title-subtitle-holder\">\n\t\t<h3 class=\"eltd-section-subtitle\" style=\";\">L&#039;histoire<\/h3>\n\t<\/div>\n\t<div class=\"eltd-section-title-holder\">\n\t\t<h2 class=\"eltd-section-title\" style=\";\">de notre entreprise<\/h2>\n\t<\/div>\n<\/div>[vc_empty_space height=\u00a0\u00bb12&Prime;][vc_column_text]<\/p>\n<p style=\"text-align: center;\" align=\"center\">Notre entreprise a \u00e9t\u00e9 fond\u00e9e en 1925 par M. August Conzelmann et est aujourd&rsquo;hui dirig\u00e9e par la troisi\u00e8me g\u00e9n\u00e9ration. En plus de l&rsquo;impression typographique et offset conventionnelle et multicolore avec un pr\u00e9presse enti\u00e8rement d\u00e9velopp\u00e9, nous sommes sp\u00e9cialis\u00e9s dans le gaufrage dans les processus classiques de gravure sur acier &#8211; gaufrage \u00e0 froid &#8211; estampage \u00e0 chaud et produisons<\/p>\n<p style=\"text-align: center;\"><strong>des en-t\u00eates du r\u00e9alisateur, des apeteries, des cartes de visite, des cartes de v\u0153ux, des couvertures de livres de haute qualit\u00e9. , bo\u00eetes pliantes, chemises d&rsquo;offres, \u00e9tiquettes en relief et travaux commerciaux.<\/strong><\/p>\n<p style=\"text-align: center;\">Nous fournissons des entreprises renomm\u00e9es, des imprimeries, des agences de publicit\u00e9, des banques et des autorit\u00e9s d&rsquo;Allemagne, de France, de Suisse et d&rsquo;Autriche et nous sommes heureux d&rsquo;\u00eatre depuis longtemps un partenaire comp\u00e9tent et recherch\u00e9 pour nos clients et partenaires commerciaux.<\/p>\n<p style=\"text-align: center;\">Afin d&rsquo;assurer la satisfaction de nos clients sur le long terme, nous veillons \u00e0 la fiabilit\u00e9 et au respect des d\u00e9lais, \u00e0 l&rsquo;information mutuelle, \u00e0 des collaborateurs qualifi\u00e9s et motiv\u00e9s et dans tous les domaines au soin, \u00e0 l&rsquo;efficacit\u00e9 et \u00e0 la propret\u00e9 de l&rsquo;entreprise.<\/p>\n<p style=\"text-align: center;\">Prendre soin de notre environnement est tr\u00e8s important pour nous.<br \/>\nNous n&rsquo;utilisons donc que des produits non nocifs pour l&rsquo;environnement et recyclables depuis longtemps.<br \/>\nNous sommes particuli\u00e8rement fiers du syst\u00e8me photovolta\u00efque sur le toit de notre imprimerie. Depuis 2013, nous produisons tellement d&rsquo;\u00e9lectricit\u00e9 avec que nous pouvons produire 80% avec de l&rsquo;\u00e9nergie solaire pure et evitant ainsi chaque ann\u00e9e une \u00e9mission de 27,2 tonnes de CO<sub>2<\/sub> dans l\u2019atmosph\u00e8re.<\/p>\n<p>[\/vc_column_text][vc_empty_space height=\u00a0\u00bb64&Prime;][\/vc_column][vc_column width=\u00a0\u00bb1\/6&Prime;][\/vc_column][\/vc_row]<\/p>\n<\/div>","protected":false},"excerpt":{"rendered":"<p>[vc_row row_type=\u00a0\u00bbrow\u00a0\u00bb content_width=\u00a0\u00bbfull-width\u00a0\u00bb anchor=\u00a0\u00bb\u00a0\u00bb content_aligment=\u00a0\u00bbcenter\u00a0\u00bb css_animation=\u00a0\u00bb\u00a0\u00bb][vc_column width=\u00a0\u00bb1\/6&Prime;][\/vc_column][vc_column width=\u00a0\u00bb2\/3&Prime;][vc_empty_space height=\u00a0\u00bb22&Prime;][vc_empty_space height=\u00a0\u00bb12&Prime;][vc_column_text] Notre entreprise a \u00e9t\u00e9 fond\u00e9e en 1925 par M. August Conzelmann et est aujourd&rsquo;hui dirig\u00e9e par la troisi\u00e8me g\u00e9n\u00e9ration. En plus de l&rsquo;impression typographique et offset conventionnelle et multicolore avec un pr\u00e9presse enti\u00e8rement d\u00e9velopp\u00e9, nous&#8230;<\/p>\n","protected":false},"author":1,"featured_media":0,"parent":0,"menu_order":0,"comment_status":"closed","ping_status":"closed","template":"full-width.php","meta":{"footnotes":""},"class_list":["post-6447","page","type-page","status-publish","hentry"],"_links":{"self":[{"href":"https:\/\/conzelmann-bisingen.com\/fr\/wp-json\/wp\/v2\/pages\/6447","targetHints":{"allow":["GET"]}}],"collection":[{"href":"https:\/\/conzelmann-bisingen.com\/fr\/wp-json\/wp\/v2\/pages"}],"about":[{"href":"https:\/\/conzelmann-bisingen.com\/fr\/wp-json\/wp\/v2\/types\/page"}],"author":[{"embeddable":true,"href":"https:\/\/conzelmann-bisingen.com\/fr\/wp-json\/wp\/v2\/users\/1"}],"replies":[{"embeddable":true,"href":"https:\/\/conzelmann-bisingen.com\/fr\/wp-json\/wp\/v2\/comments?post=6447"}],"version-history":[{"count":10,"href":"https:\/\/conzelmann-bisingen.com\/fr\/wp-json\/wp\/v2\/pages\/6447\/revisions"}],"predecessor-version":[{"id":7187,"href":"https:\/\/conzelmann-bisingen.com\/fr\/wp-json\/wp\/v2\/pages\/6447\/revisions\/7187"}],"wp:attachment":[{"href":"https:\/\/conzelmann-bisingen.com\/fr\/wp-json\/wp\/v2\/media?parent=6447"}],"curies":[{"name":"wp","href":"https:\/\/api.w.org\/{rel}","templated":true}]}}

<div class="wpb-content-wrapper"><p>[vc_row row_type= »row » content_width= »full-width » anchor= » » content_aligment= »center » css_animation= » »][vc_column width= »1/6&Prime;][/vc_column][vc_column width= »2/3&Prime;][vc_empty_space height= »22&Prime;]<div class="eltd-section-title-outer-holder " style="text-align: center">
	<div class="eltd-section-title-subtitle-holder">
		<h3 class="eltd-section-subtitle" style=";">L&#039;histoire</h3>
	</div>
	<div class="eltd-section-title-holder">
		<h2 class="eltd-section-title" style=";">de notre entreprise</h2>
	</div>
</div>[vc_empty_space height= »12&Prime;][vc_column_text]</p>
<p style="text-align: center;" align="center">Notre entreprise a été fondée en 1925 par M. August Conzelmann et est aujourd&rsquo;hui dirigée par la troisième génération. En plus de l&rsquo;impression typographique et offset conventionnelle et multicolore avec un prépresse entièrement développé, nous sommes spécialisés dans le gaufrage dans les processus classiques de gravure sur acier &#8211; gaufrage à froid &#8211; estampage à chaud et produisons</p>
<p style="text-align: center;"><strong>des en-têtes du réalisateur, des apeteries, des cartes de visite, des cartes de vœux, des couvertures de livres de haute qualité. , boîtes pliantes, chemises d&rsquo;offres, étiquettes en relief et travaux commerciaux.</strong></p>
<p style="text-align: center;">Nous fournissons des entreprises renommées, des imprimeries, des agences de publicité, des banques et des autorités d&rsquo;Allemagne, de France, de Suisse et d&rsquo;Autriche et nous sommes heureux d&rsquo;être depuis longtemps un partenaire compétent et recherché pour nos clients et partenaires commerciaux.</p>
<p style="text-align: center;">Afin d&rsquo;assurer la satisfaction de nos clients sur le long terme, nous veillons à la fiabilité et au respect des délais, à l&rsquo;information mutuelle, à des collaborateurs qualifiés et motivés et dans tous les domaines au soin, à l&rsquo;efficacité et à la propreté de l&rsquo;entreprise.</p>
<p style="text-align: center;">Prendre soin de notre environnement est très important pour nous.<br />
Nous n&rsquo;utilisons donc que des produits non nocifs pour l&rsquo;environnement et recyclables depuis longtemps.<br />
Nous sommes particulièrement fiers du système photovoltaïque sur le toit de notre imprimerie. Depuis 2013, nous produisons tellement d&rsquo;électricité avec que nous pouvons produire 80% avec de l&rsquo;énergie solaire pure et evitant ainsi chaque année une émission de 27,2 tonnes de CO<sub>2</sub> dans l’atmosphère.</p>
<p>[/vc_column_text][vc_empty_space height= »64&Prime;][/vc_column][vc_column width= »1/6&Prime;][/vc_column][/vc_row]</p>
</div>

<p>[vc_row row_type= »row » content_width= »full-width » anchor= » » content_aligment= »center » css_animation= » »][vc_column width= »1/6&Prime;][/vc_column][vc_column width= »2/3&Prime;][vc_empty_space height= »22&Prime;][vc_empty_space height= »12&Prime;][vc_column_text] Notre entreprise a été fondée en 1925 par M. August Conzelmann et est aujourd&rsquo;hui dirigée par la troisième génération. En plus de l&rsquo;impression typographique et offset conventionnelle et multicolore avec un prépresse entièrement développé, nous&#8230;</p>
